s divided by h?
11
Let k = 106 - 70. Let f be (1 - 1) + (k - 7). Suppose 3*z = 2*x + 37, -z - 2*x + f - 6 = 0. What is the remainder when 54 is divided by z?
9
Suppose -4*g + 3*u + 912 = 0, 655 = 3*g - 0*g + 5*u. Suppose 14*m - g = 5*m. Calculate the remainder when 92 is divided by m.
17
Suppose -5*u + 3 = -7. Suppose 0 = u*w + 4*w - 24. Suppose -o = w*o - 85. What is the remainder when 29 is divided by o?
12
Suppose -o + 37 = 3*s, 44 - 42 = 2*o. Suppose 735 = s*f + 159. Suppose 18 = 4*k - 22. What is the remainder when f is divided by k?
8
Let v be 3*(-1)/((-9)/39). Suppose -13*t + 3510 = v*t. Calculate the remainder when t is divided by 46.
43
Suppose 0 = -131*r - 50*r + 117831. Calculate the remainder when r is divided by 16.
11
Let i(u) = 198*u**2 + 3*u - 4. Let t be i(2). Let d be t/(-9) + (-26)/(-117). Let l = d - -134. What is the remainder when 183 is divided by l?
45
What is the remainder when 492 is divided by (-11857)/71*(-1)/1?
158
Suppose 0 = 4*n + 3*s - 0*s + 147, -3*n - 2*s = 110. Let b = 57 + n. Calculate the remainder when 75 is divided by b.
12
Suppose 102*l - 1260 = 18*l. What is the remainder when 177 is divided by l?
12
Suppose -7*s = -65 - 82. What is the remainder when 32 is divided by 413/s + (-6)/9?
13
Let v(n) = n**3 + 16*n**2 - 23*n - 35. Let w be v(-17). Let h = w + -70. Calculate the remainder when (-3)/(27/(-6)) + (-256)/h is divided by 18.
14
Let x be -6 + -8 + 6 + -433. Let n = 482 + x. Let j(g) = -g**3 - 7*g - 3. What is the remainder when j(-5) is divided by n?
34
Suppose 22*k - 10*k - 1863 - 825 = 0. What is the remainder when 692 is divided by k?
20
Let k = 236 - 236. Suppose -17*w - w + 450 = k. Let t(p) = p + 99. Calculate the remainder when t(0) is divided by w.
24
Let j = 3927 + -3849. What is the remainder when j is divided by 21?
15
Suppose v + 1157 = 3*v + l, 4*l - 2308 = -4*v. What is the remainder when v is divided by 13?
8
Let w(n) be the third derivative of -n**5/30 + n**4/2 + 2*n**3 + 14*n**2. Let z be w(9). Let r = z - -76. Calculate the remainder when r is divided by 6.
4
Let f(i) = -i + 4. Let o be f(-8). Suppose 3*n + 4*h = h + 87, 4*h = o. Calculate the remainder when (n - (-3 - -1)) + -2 is divided by 14.
12
Suppose 0 = -2*r, -6*r + r = -4*x. Suppose 12 = 4*u - 36. Suppose x = -5*s - 3*n + 36, -4*s - n = -5*s + u. What is the remainder when 33 is divided by s?
6
Let t = 335 + -314. Calculate the remainder when 198 is divided by t/49 - -118*6/14.
45
What is the remainder when 464/2 + (262 - 274) is divided by 99?
22
Let f(l) = -l**3 + 19*l**2 - l - 5. Let v = 118 - 99. Let t be f(v). What is the remainder when 50 is divided by (12/t)/(1/(-38))?
12
Let x(o) = o**3 + 33*o**2 + 36*o + 284. What is the remainder when x(-32) is divided by 100?
56
Let p be (-11 - -14) + 922*1. Suppose -3*k + 5*n + 426 = -129, -p = -5*k - 3*n. Calculate the remainder when k is divided by 11.
9
Let i(a) = 34*a**2 - a - 1. What is the remainder when i(-1) is divided by 203/21 - 3 - 3*2/9?
4
Suppose 418 = 5*g - 4*n, 2*g - 2*n = 3*n + 174. Let p(t) = 6*t - 8*t + 0*t**2 - 6*t - 5*t + t**2 - 126. What is the remainder when g is divided by p(21)?
40
Suppose -47*i + 180 = -55. Suppose 5*t - i*p = 125 + 150, 4*t + 2*p - 190 = 0. What is the remainder when 99 is divided by t?
49
Let r = 4 + 6. Let i = r - -12. Calculate the remainder when (28 - 24)*84/4 is divided by i.
18
Suppose 60 = 4*x + 4*k, -2*x + 0*k = 3*k - 28. Let f be ((-10)/(-3) + -2)*117/26. Suppose 23*m = -f*m + 1392. What is the remainder when m is divided by x?
14
What is the remainder when (-24 + 30)*(285/2 - 4) is divided by 54?
21
Let y(h) = -27*h - 21. Suppose -3 = 4*j + 33. Calculate the remainder when y(j) is divided by 25.
22
Let p = 185 - 111. Let q = 14 + -12. Suppose -j = 2*x - 21, 0*x - q*x = 4*j - 54. What is the remainder when p is divided by j?
8
Calculate the remainder when 422/8*83 - 36/(-48) is divided by 15.
14
Suppose 2*k - h = 10, 2*h - 25 = -5*k + h. Suppose i + 4*s = 18, 5*i = i + k*s + 72. Suppose i*z = 16*z + 24. What is the remainder when 34 is divided by z?
10
Let m = 666 + -654. Suppose o - z - 8 = 0, -5*z - m = -4*o + 23. Let h = 3 - -1. Calculate the remainder when o is divided by h.
1
Suppose -441*k = -474*k + 33165. Calculate the remainder when k is divided by 102.
87
Let x(c) = c + 11. Let h be x(-15). Let u be h/6 - 17/(-3). Suppose 3*f - u*f + 18 = 0. Calculate the remainder when 15 is divided by f.
6
Let j(c) = -5*c**2 - 63*c + 30. Calculate the remainder when 432 is divided by j(-12).
36
Let q be -4 - (-31 + -1) - (4 - 6). Calculate the remainder when 19 is divided by ((-320)/q - -11) + (-46)/(-6).
3
Let h(j) = j**3 + 91*j**2 + 2065*j - 26. What is the remainder when 568 is divided by h(-47)?
108
Let p be (-5 - 2)*1/((-14)/12). Suppose n + p = 9. Suppose 4*d + 15 = -n*l + 112, 0 = 4*d - l - 117. Calculate the remainder when 80 is divided by d.
24
Suppose 0*n + 12 = 4*n. Let x(p) be the first derivative of -4*p**4 + p**3/3 - p**2 - 3*p - 51. What is the remainder when x(-1) is divided by n?
1
Let f be (-1)/2 - (8 - (-63)/(-6)). Suppose f*j - z - 119 = 0, 2*j + 2*j - 4*z = 228. What is the remainder when j is divided by 76/6 - (-3)/27*3?
10
Let v = -441 + -375. Let z = -400 - v. Calculate the remainder when z is divided by 11.
9
Suppose -14*h + 416 = -550. Calculate the remainder when h is divided by 20.
9
Let j(g) = -17*g - 976. What is the remainder when j(-80) is divided by 63?
6
Calculate the remainder when ((-22)/3 + 1)/((-73)/876) is divided by 11.
10
Calculate the remainder when 337 is divided by 858/7 + (-10)/((-1400)/60).
91
Let r be ((-30)/(-12))/((-1)/(-2)). Suppose 4*a + z = -4, 0 = -5*a + 6*a + 3*z + 12. Calculate the remainder when (-5)/r*(-67 - a) is divided by 35.
32
Let x = -906 + 910. Calculate the remainder when x/32 - 5655/(-8) is divided by 71.
68
Suppose 362*x = 361*x - 3*f + 15, -3*x - 5*f = -33. What is the remainder when x is divided by 72/(-45)*5/(-2)?
2
Let c = 8834 - 8636. What is the remainder when 450 is divided by c?
54
Let n = -1679 + 1820. Calculate the remainder when 422 is divided by n.
140
Let o = 2832 + -2106. What is the remainder when o is divided by 91?
89
Let v = -30638 - -33487. Calculate the remainder when 8554 is divided by v.
7
Suppose -5*x - 3112 + 10687 = 0. What is the remainder when x is divided by 69?
66
Suppose -y + 16 - 2 = y, 0 = -3*p - 2*y + 80. Let z = 57 - 8. What is the remainder when z is divided by p?
5
Suppose -5*q = 77*q - 1394. What is the remainder when (-4)/(12/(-351)) + 0 is divided by q?
15
Let t(r) = r**2 + r - 9. Let y(q) = 7*q**2 - q**2 - 8 + 9*q - 5*q**2 - 7*q. Let g(p) = -2*t(p) + 3*y(p). Calculate the remainder when g(3) is divided by 9.
6
Suppose 39*x - o + 6333 = 43*x, -3*o = -3. Calculate the remainder when x is divided by 198.
197
Let f(z) = 10*z**2 - 53*z - 123. What is the remainder when f(-5) is divided by 130?
2
Let a(w) = 13*w**2 - 33*w - 3. What is the remainder when a(3) is divided by 6?
3
Let s = 354 + -99. Suppose -5*n + 55 = -s. What is the remainder when n is divided by 10?
2
Let m = -74 - -105. Suppose -3*r = -2*r - m. Suppose -2*k - 2*k - t = -70, -5*k = t - 87. Calculate the remainder when r is divided by k.
14
Let o = 2124 - 1397. Calculate the remainder when o is divided by 52.
51
Suppose -12*x = -18*x + 354. Suppose -225 = -4*d - 2*z + 47, 0 = -d + 4*z + x. What is the remainder when d is divided by 35?
32
Let w = -4265 - -4312. What is the remainder when 622 is divided by w?
11
Suppose 0 = 214*f - 8445 - 6107. Calculate the remainder when 143 is divided by f.
7
Let j = 22657 - 22452. What is the remainder when 1028 is divided by j?
3
Suppose 1534*d - 1511*d - 155457 = 0. Calculate the remainder when d is divided by 138.
135
Let z(p) = p**3 - 19*p**2 - 41*p - 19. Let c be z(21). Let s(k) = 16*k**3 - 2*k**2 + k - 4. What is the remainder when s(c) is divided by 4?
2
Let i = 371 - 370. What is the remainder when 14 is divided by (-15)/10*(i/(-1) + -7)?
2
Let k(h) = 2*h**2 + h + 8. What is the remainder when k(-10) is divided by 5*5/50*(7 + 95)?
45
Let l(k) = -11*k + 31. Let q be l(5). Let c = q + 102. Let r = -53 - -93. What is the remainder when c is divided by r?
38
Suppose 0 = -73*i - 54*i - 4689 + 13198. Calculate the remainder 